 Let x be u(-6). What is the greatest common divisor of x and i?
16
Suppose 2*d - 3*d - 24 = 0. Let n(g) = -5*g - 75. Let t be n(d). What is the highest common factor of t and 225?
45
Let l = -1023 + 1103. What is the highest common factor of l and 5?
5
Suppose -t = -4, q + 5*t + 1 - 31 = 0. Let v be (-1)/1 - (-18 + 2). Calculate the highest common factor of q and v.
5
Suppose 1904 = 72*y - 55*y. Calculate the greatest common factor of y and 56.
56
Suppose 18 = -2*a + o + 1, 3*a = -o - 33. Let m = a - -9. Let b be -1*(-2 + 13)/m. Calculate the greatest common factor of 44 and b.
11
Let r be -17 + (-7 - (0 + -4)). Let y = 37 + r. Suppose -2*g + 34 = -g. What is the highest common divisor of g and y?
17
Suppose -4*t + 5*p + 2 = -145, 4*t = -5*p + 117. Suppose -3*y + 315 + 180 = 0. Calculate the greatest common divisor of y and t.
33
Let y = -399 - -408. Let j be (-1)/1 + (-82)/(-1). Calculate the greatest common divisor of y and j.
9
Let i be ((-164)/(-5))/((-26)/(-65)). Suppose m - 4*x = i, -m - 21 + 101 = -5*x. What is the greatest common divisor of m and 10?
10
Let q = 944 - 834. Suppose -5*o + 10 = 2*p, 5*p - 3*o - 5 = 51. Calculate the greatest common divisor of q and p.
10
Suppose -h + 4*u + 87 = 0, 3*h - 3*u - 207 = 27. What is the greatest common divisor of 750 and h?
75
Let d = 6533 + -2629. What is the highest common factor of 64 and d?
64
Let s = 1584 + -1560. What is the highest common divisor of 162 and s?
6
Let y(q) = 2*q + 4*q - 5*q - 9. Let c be y(11). Suppose -4*x - 25 = x, 0 = c*l + 4*x - 70. What is the highest common factor of 5 and l?
5
Let z be (1*(-60)/(-75))/((-2)/(-60)). Calculate the greatest common factor of 216 and z.
24
Suppose -5*u + 522 = y, -9*u - 5*y = -10*u + 120. Suppose -5*z - 1 = 4. Let t be 118/8 + z/(-4). What is the greatest common factor of u and t?
15
Let w = 97 + 56. What is the greatest common divisor of 9 and w?
9
Suppose -2*z = -2*d - 20, -5*z - d = -2*z - 14. Calculate the greatest common divisor of z and 678.
6
Let w = -6 + 20. Suppose 0 = 2*c - 8 - w. Suppose 18*v - 55 = 17*v. Calculate the highest common divisor of v and c.
11
Suppose -45*u - 16 = -2806. What is the greatest common divisor of 465 and u?
31
Let w(f) = 2*f**3 - 14*f**2 + f + 47. Let m be w(7). Calculate the highest common factor of 1809 and m.
27
Let j = 9 + -9. Suppose j = 2*b + 6 - 16. Calculate the highest common divisor of b and 5.
5
Let z be ((-18)/(-6))/(-3)*(-160)/2. Suppose -7 = 4*h + 3*f + 6, -h = -4*f - 11. Let d be h/(1*2/(-20)). Calculate the highest common divisor of z and d.
10
Let t = -943 + 1002. Calculate the greatest common factor of t and 118.
59
Suppose -13*y - 16 = -21*y. What is the greatest common factor of y and 46?
2
Suppose -i + 307 = -397. What is the highest common factor of i and 22?
22
Let g be 8/(-2)*35/(-10). Suppose -5*u = -20, 2*u + 3*u = -4*m - 72. Let k = m - -25. Calculate the greatest common divisor of g and k.
2
Let w(c) = 2*c**2 + 212*c - 1542. Let a be w(7). Let x(v) = -v**2 + 6*v. Let l be x(4). What is the highest common divisor of a and l?
8
Suppose -698 = 3*p - 2*u, -2*p + 4*p + 478 = -5*u. Let m = 330 + p. Calculate the greatest common factor of m and 12.
12
Suppose -52*s - 35 = -57*s. What is the greatest common divisor of 1 and s?
1
Let d(b) = b**3 - 32*b**2 + 260*b - 41. Let x be d(17). Calculate the highest common factor of x and 1276.
44
Let g(y) = 2*y - 2*y**2 + 7*y**2 - 2*y**2. Let m be g(3). Let d(j) = 11*j + 11. Let q be d(1). What is the highest common divisor of m and q?
11
Suppose 2*s = 6*s - 32. Suppose -s*x = -9*x + 130. Calculate the highest common divisor of 26 and x.
26
Suppose -266 - 86 = -8*w. What is the greatest common factor of 36 and w?
4
Suppose -7*p + 12*p = -3*a + 1, 0 = 4*a + 4*p - 4. What is the greatest common factor of a and 1?
1
Let q = 76 - 75. Suppose -2*t + 212 = 4*x, -3 = 2*t + q. Let j be 182/5 - (-6)/(-15). Calculate the greatest common divisor of x and j.
18
Suppose 118 = 2*p + 2*g, -4*g - 34 - 210 = -4*p. Let y = 3 + 1. Suppose -p = r - y*r. What is the greatest common factor of r and 50?
10
Let k be (1 - -19)/(4/6). Let x be (-112 + 8/(-2))/(-2). Suppose -3*t - x = -76. Calculate the highest common divisor of k and t.
6
Let t(j) = 6*j + 11 - 8*j + j**2 + 10. Let c be t(0). Calculate the greatest common factor of c and 35.
7
Let a be 66/(-15) + 4 - (-1221)/15. Suppose 5*w = 3*w - 40. Let s be (-30)/(-4) - 30/w. What is the highest common factor of a and s?
9
Let p = -8 - -22. Let k = -331 - -485. Calculate the greatest common factor of p and k.
14
Suppose -3*f + 643 = 3133. Let x be 4/6 + f/(-15). What is the greatest common divisor of x and 8?
8
Suppose -6*y = -3*y - 228. Suppose -2*m = 28 - y. Let r be m/(-16) - (-94)/4. Calculate the greatest common factor of r and 2.
2
Let k(v) = -v**3 - 7*v**2 - 5*v + 11. Let u be k(-6). Let n(d) = d**3 + 5. Let m be n(0). Calculate the highest common divisor of m and u.
5
Let m(b) = b**2 - 80*b + 45. Let l be m(0). Let v be 3 + -1 + 70/1. Suppose -2*j + v = 2*j. What is the highest common divisor of j and l?
9
Let t = -2 + 4. Suppose 0 = 2*l - t*f + 114, -f - 15 = 4*f. Let s be (8/5)/((-2)/l). Calculate the highest common divisor of 12 and s.
12
Suppose 5 = -5*d - m, -4*m = 3*d + 12 + 8. Let s(l) = d - l**3 + 4*l**2 - 3 - 4 + 7*l. Let h be s(5). Calculate the highest common factor of h and 2.
1
Suppose -6*a = 5*h - 3*a - 67, 4*h = 2*a + 36. Suppose 130 = h*n - 1322. What is the highest common factor of 12 and n?
12
Let z(t) = 4*t + 68. Let j be z(11). What is the greatest common divisor of j and 28?
28
Let l = -8 - -16. Let q be -4 - (1 + -17 + -4). Suppose -3*z + l + q = 0. Calculate the highest common divisor of 16 and z.
8
Let z = 17 + -12. Suppose -5*h + 43 = 2*y, 5*y + z*h - 50 = 4*h. Suppose -2*k + 4*x + 167 = -3, 172 = 2*k - 5*x. What is the greatest common factor of k and y?
9
Let o = -16 + 11. Let c(a) = a**2 + 5*a + 6. Let p be c(o). Suppose -17*y = 2*g - 19*y - 14, -3 = 3*y. Calculate the highest common divisor of p and g.
6
Let v be 8 + 0 - (3 + -4 - 2). Suppose -3*k + 17 = -d + 2*k, v = d + 2*k. What is the greatest common factor of 3 and d?
3
Let m be 1*16 - (3 + -1 + -3). Suppose m = -8*q + 97. What is the greatest common factor of 4 and q?
2
Let v(p) = -p + 92. Let z be v(18). What is the greatest common divisor of 333 and z?
37
Let t(d) = -51*d - 28. Let l be t(-8). Suppose 0 = 4*k + 3*w - 335, -k + 4*w + l = 4*k. What is the highest common divisor of k and 16?
16
Let z be 43/(12/(-9)*(-9)/36). What is the greatest common factor of z and 2451?
129
Let h = -28 + 68. Suppose -4 = -4*c + h. Calculate the highest common divisor of 11 and c.
11
Let h be (-234)/(-27)*(-18)/(-2). Suppose 5*x - h - 152 = -3*j, -154 = -2*j - 4*x. Suppose 0 = p - 45 + 15. Calculate the highest common divisor of p and j.
15
Let n(o) = 6*o**2 - 1. Let r be n(1). Suppose 2*z - 4*i = -3*z - 98, 2*z + 4*i + 28 = 0. Let f = -13 - z. What is the highest common divisor of r and f?
5
Let q = 21 - 24. Let t be 9/(-6)*q*4. Calculate the highest common factor of 45 and t.
9
Let p = 36 + 18. What is the greatest common factor of p and 36?
18
Suppose -27*y + 21*y = -6. What is the greatest common factor of 25 and y?
1
Let a(q) = -q**2 + 13*q - 14. Let i be a(12). Let s be 17 + -3*i/(-6). Let f = -7 + s. What is the highest common factor of 6 and f?
3
Let v = -1629 + 1945. What is the highest common factor of 711 and v?
79
Let q = 136 + -94. Suppose z + 2 = 16. Calculate the greatest common factor of q and z.
14
Let f be 43338/18 + 11 + (-2)/3. Calculate the highest common divisor of f and 78.
78
Let s be 5*3/(75/(-10)) - -14. Suppose 4*z - y - 78 = -3*y, -4*z - 4*y + 84 = 0. What is the highest common divisor of s and z?
6
Let p = -19 - -28. Let t be (-24)/9*p/6. Let z = t - -11. What is the highest common factor of z and 7?
7
Let y(d) = -d**3 + 11*d**2 + 13*d - 6. Let v be y(12). What is the greatest common factor of 132 and v?
6
Let s = -93 + -1. Let b = -58 - s. What is the greatest common factor of 324 and b?
36
Suppose -5*h - 1 - 36 = -3*b, -11 = -b + h. Suppose -8*u = -b*u + 4. Let p be (u/1)/2 - -1. Calculate the highest common factor of p and 15.
3
Let g(y) = -3*y + 19. Let p(j) = 6*j - 37. Let r(d) = -10*g(d) - 6*p(d).